+ (-2860 - -2878).
-15
Calculate (0 - 5) + 43 + -26 - (5 + 1).
6
Calculate (-56 - -65) + (-1 - -7) + (-3 - -4).
16
-3 - (12 - 10) - -17 - -2
14
Evaluate 1687 - 1657 - (-1 + 11).
20
Calculate 241 + -230 + -8 + (-2 - -4) - 5.
0
What is (20 - 4) + (12 - 10) + -9 + 6?
15
What is the value of 18 + -4 + 293 + -317?
-10
What is the value of (9 - (39 - ((4 - 0) + 3))) + 0?
-23
What is 249 - 237 - (0 - -14)?
-2
Evaluate 2 - -17 - (-37 + (45 - 9)).
20
Evaluate -6 - (4 - (6 + (-4 - 5))).
-13
(-78 + 81 + -1 + -4 - -10) + 5
13
Calculate 0 + -1 - (-1 + -2 - (73 + -74)).
1
Calculate -7 - -20 - 50 - -25.
-12
What is 0 + -17 + 8 + (3 - 1) + -3?
-10
What is the value of (14 - (0 + -4)) + (-2 - (4 + -6))?
18
(6 + 2 + -1 - 14) + -3
-10
What is the value of -6 + 49 - -6 - (-20 + 37)?
32
1 + (-1 + (-5 - -2) - (-84 + 82))
-1
14 + ((-13 - -3) + -8 + -1 - -10)
5
-13 + -6 + (5 - (4 - 1)) + 3
-14
(4 - (3 - 7)) + 1 + -10 + 17
16
What is the value of 0 + (26 - 14) + -17?
-5
What is (10 - 7) + (6 - (7 - -1))?
1
What is (-12 - (26 + -6)) + 21?
-11
What is the value of (3 - 4 - 7 - 0) + 8 - 5?
-5
-24 + 22 + 15 - -5
18
What is 4 + -5 + 6 - 8 - 21 - -7?
-17
Evaluate -22 + 4 + 10 + (-4 - -11).
-1
-13 + (-12 + 35 + -19 - -1)
-8
2 + -1 + (-2 - 9) + (3 - 7)
-14
Evaluate -7 + 2 + 42 + (10 - 18).
29
What is 6 - 7 - -15 - 6?
8
(-5 - -8) + (4 - 21)
-14
What is (-22 - -8) + 10 - (0 + (8 - 1))?
-11
3 + ((-2 - -4) + -2 + -4 - -8)
7
What is (-15 - (-52 + 16)) + -25?
-4
12 - (17 + -1 - (-10 + 21)) - -8
15
What is (-3 - (16 + -11)) + 7?
-1
What is the value of (-10 - (-10 + 5)) + 9 - (2 + 7)?
-5
What is -32 + -28 + (41 - -8)?
-11
What is 25 - (-29 - (2 + -44))?
12
What is the value of -7 - (12 + -10 - 8)?
-1
Evaluate (-50 - (-8 - -1)) + 12.
-31
What is (-6 - 0 - (0 + -5 + 5)) + 25?
19
Calculate (-9 - -7) + (-31 - 2) + -19 + 24.
-30
What is the value of 12 - ((32 - 13) + -20)?
13
What is the value of -12 - (3 + (-7 - -4) + -5)?
-7
What is the value of (5 - 1 - (6 - 32 - -23)) + 25?
32
What is the value of 33 - ((2 - 8) + 23)?
16
What is 3 - 2 - ((-8 + 7 - 7) + -8)?
17
What is 4 + (-16 + 2 - (17 + -23))?
-4
What is -5 - -1 - -4 - (3 + 1)?
-4
(-362 - -383) + -7 + 1 + 1
16
Evaluate (3 - 21) + -5 + 25.
2
What is the value of 12 + (-24 - (-11 + 1 + 2))?
-4
Evaluate -3 + -9 - (-92 - -88).
-8
2 + ((3 - 5) + (3 - -1) - -1)
5
Evaluate 8 - (-31 + 22) - 24.
-7
Evaluate 207 - 217 - (-5 - (3 + 4)).
2
Evaluate -37 + 3 + -11 + 18.
-27
-7 + (12 + -17 - (-2 + -17))
7
What is the value of -1 + -7 + 6 + 0 - -3?
1
Evaluate (-14 - -10) + -10 + -2 - -7.
-9
Calculate 7 + 4 + -2 - (22 + -27).
14
What is -1 + -3 + -6 + (5 - 5) + 3?
-7
Evaluate 10 - (-3 - -2 - ((14 - 29) + 29)).
25
Calculate -10 + (-20 - -36) + (-1 - (0 + 14)).
-9
Calculate -1 + 2 - 1 - -9.
9
Calculate 0 - (-4 - ((-10 - 1 - 5) + 5)).
-7
Calculate 3 + (3 - (-5 - -5)) + (13 - -7).
26
(33 - (-4 + 40)) + -6
-9
3 + -12 + 6 + 6
3
What is -15 + -13 - -47 - -4?
23
Evaluate 6 - 2 - 7 - (-8 + -9 + 10).
4
Evaluate (2 - (-16 - -39)) + 43.
22
Evaluate (1 - (18 + -14)) + -2 + -4.
-9
What is the value of 40 + (2 - (-21 - -34) - (-2 + -1))?
32
-18 - (4 - 2) - (54 + -62 + 7)
-19
What is the value of 3 - (-14 + 7 + 5) - -9?
14
What is the value of 8 - ((-1 - (3 + 2)) + -12 + 20)?
6
Evaluate 11 + 3 + -27 + 11 - 0.
-2
Evaluate (-9 - -2 - -5) + -16 + 5.
-13
Evaluate (140 - 166) + 2 + -7.
-31
What is the value of 23 - (7 + 13 + -8) - (19 - 4)?
-4
What is the value of 17 + 8 - 16 - (-2 - 0) - 4?
7
Evaluate 7 - (3 + -7 + 11 + 9).
-9
(-37 - -32) + (-7 - -1) + 5
-6
Calculate 0 - ((-2 - 7 - -29 - 9) + -4).
-7
What is the value of -4 - (25 + 1 + 194 + -199)?
-25
4 + (-2 - 4 - (24 - 36) - 7)
3
What is the value of -13 - ((11 - 9) + (4 - -2 - 6))?
-15
What is the value of 4 - (1 + -1 - (-4 - -5))?
5
What is (10 + -19 - (-19 + 2)) + -20?
-12
What is the value of -4 + -1 + 11 + (10 + -15 - -1)?
2
9 + 0 + -10 + -38 + 37
-2
Evaluate 71 + -58 + (1 - 1 - 5).
8
What is the value of -1 - (-2 - 10 - -13)?
-2
What is the value of (-4 - (35 + -18)) + 32?
11
Evaluate 2 + 8 + -3 + (1 - 8) + 3.
3
Evaluate (143 - 138) + (-3 - 11).
-9
Evaluate (-70 - -45) + 35 + (1 - 37).
-26
Calculate -1 + (-8 - -6) - (-3 + (-10 - -3)).
7
What is the value of 15 + (18 - 26 - 10)?
-3
Evaluate 33 + ((-4 - 10) + 4 - -3).
26
(-14 - -7) + 7 + -3 + 24 + 0
21
What is the value of 17 + 5 + -43 + 19?
-2
What is the value of 25 + -32 + 13 + -1 + (-13 - -1)?
-7
Calculate -3 - (27 + (-16 - 7)).
-7
What is the value of 22 + -10 + 2 - (-52 + 33)?
33
Evaluate 23 + -19 + (0 - 16 - (5 + -8)).
-9
What is -3 + (9 - -16 - 1)?
21
Calculate 13 - ((-8 - -4) + -2 + -3).
22
What is 18 + (4 - (-3 + 14)) + -4 + -22?
-15
What is the value of 230 - 189 - (-3 - -18)?
26
What is the value of 9 + (-2 - -1 - 5) + (0 - -2)?
5
Evaluate (0 - -27) + (-19 - -18 - 4).
22
What is the value of 7 + (15 - 42) + 10?
-10
Calculate -9 + 38 - 9 - 9.
11
Evaluate (3 - 40) + 12 + 6.
-19
Evaluate 13 - (6 - (3 - (15 - 15))).
10
What is the value of (3 - -9 - 5) + (15 - 21)?
1
What is the value of (-9 - -22) + (2 - (5 - -6)) + 7?
11
What is -22 + 34 + -8 - 25?
-21
What is (8 - (-8 - -15)) + -6 - (-14 + 0)?
9
Calculate 7 + -6 + 11 + -6 + -2 + 2.
6
What is -2 + -12 + 7 + -3 + 0?
-10
(3 - 30) + 9 + 9
-9
-3 + (-8 - -5) + 12 + -9
-3
What is 27 + (-11 - (9 - 4)) + 25?
36
(-16 + 12 - -4) + 16
16
What is the value of -19 - (2 + 9 - 24) - -6?
0
What is (-49 - -59 - (3 - -4)) + -5?
-2
Calculate 2 + 0 + (3 - 10) + (4 - 11).
-12
(15 - -11 - 26) + (0 - -16 - 3)
13
-4 + (4 - 6) - -15
9
What is -3 + (3 - ((-9 - -3) + 0))?
6
What is (-4 + 1 - 10) + 6 - (-17 + -5)?
15
What is the value of -35 + -3 - (-4 + -29 - -23)?
-28
What is -2 - 5 - (-5 + 3 + 2 + 1)?
-8
Evaluate -13 - (-2 + 6 + (-59 - -41)).
1
What is (33 - 24) + 15 + -26?
-2
Calculate -22 - ((1 - -4) + 10 + 2 + -19).
-20
Calculate -24 + 27 - (-10 - 3).
16
What is -23 - (-4 + -3 + -3)?
-13
Evaluate (1 - (-1 - -10) - -8) + (3 - 1).
2
What is -4 + 2 + -9 + 4 + 2?
-5
(-5 - -26) + (10 - 18 - 2)
11
Evaluate -8 - -9 - 9 - (-8 - 2).
2
Calculate -3 - 0 - (190 - 182).
-11
Evaluate 3 + 4 + 3 - (-35 + (23 - 1)).
23
What is the value of -35 - ((-14 - -1 - (7 + -2)) + 6)?
-23
Evaluate (238 - 250) + (3 - -4 - 3).
-8
What is (-25 - -27) + 7 - -19?
28
Calculate 1 - (-6 - (4 + 5)) - (-18 + 8).
26
What is (171 - 160) + -18 + -1?
-8
What is -5 + 7 + 6 + -4 + -20?
-16
-23 - 1 - (-278 - -267)
-13
(19 - 16) + (2 - 0) + (-9 - 5)
-9
What is the value of (1 - 18) + (-32 - (-16 - 24))?
-9
(-9 + 12 - 4) + 10
9
What is the value of -2 + 23 + 57 + 47 + -96?
29
What is -19 + 10 + 8 - 9?
-10
What is the value of -28 - (-15 + -1 - (18 - (-1 - -25)))?
-18
-20 + (-7 + 51 - 17)
7
-1 + (-5 - -4 - -17 - (12 - 7))
10
0 + (49 - 42 - (4 + -15))
18
Evaluate (23 + -12 + -14 - (4 + -1)) + 4.
-2
Evaluate -2 - (-16 - 0) - (-6 + 5).
15
What is -9 - (-2 - ((3 - -5) + -1))?
0
Calculate 0 + -3 - 7 - -19 - (-1 + -1).
11
Calculate (4 - (-5 + 4 - -8)) + -8.
-11
Calculate 160 + -172 + 26 + 0.
14
35 + (0 + 4 - (-55 + 61))
33
Evaluate -5 - (-11 - (22 - 16)).
12
Calculate 83 + -103 + 22 + 1.
3
Evaluate 8 + (-16 - -13) - (7 + 0).
-2
What is (19 - 39 - -24) + -9?
-5
What is the value of 2 - ((-11 - (0 + 4)) + (-13 - -13))?
17
Evaluate -27 + 38 - (-4 - -19) - 10.
-14
5 + (-26 - (-4 - (-7 + 0) - -1))
-25
Evaluate -1 + ((-1 - -3) + 1 + -1 - -2).
3
-9 - -38 - (10 + -3 - 0)
22
What is -22 - -36 - -3 - 16?
1
Calculate 4 + 24 + -26 + -12.
-10
Evaluate (-33 - -24) + -1 + 0 + 5 + 2.
-3
What is 0 + (-1 - 10 - (73 - 69))?
-15
-1 - -3 - (-5 + 6 + -6) - -4
11
Calculate -1 - -3 - -2 - (-43 - -39 - 7).
15
(11 - 17) + 0 + 8
2
What is the value of (-11 - -1) + (-7 + -2 - -7)?
-12
What is -1 - (10 + (-14 - -10))?
-7
3 + (8 - (5 + 6 + 0))
0
-10 - (2 - (-16 + 6 - -13))
-9
What is (5 - 18) + (7 - -18)?
12
Evaluate ((-4 - (4 - 9)) + -4 - -4) + -14.
-13
What is the value of 21 - (-9 - -13) - (3 - 1 - 0)?
15
What is (-6 - 1) + -3 + 11 - (9 - 1)?
-7
What is 2 + -21 + (-1 - 0) + 8?
-12
What is (9 - (13 - 11) - -4) + -12?
-1
3 + -1 - (11 + -13 + (0 - 8))
12
What is the value of 15 + -12 + 3 + (5 - 1 - 0)?
10
What is the value of -9 - (-1 - -7 - 11 - -7)?
-11
-1271 + 1208 - (-27 + -1)
-35
Calculate 1 + 12 + -237 + 217.
-7
What is the value of (4 - 20) + 8 - -9?
1
What is 0 + -9 + 29 + -29 + 15?
6
What is